{"id":2156,"date":"2020-04-03T09:42:43","date_gmt":"2020-04-03T13:42:43","guid":{"rendered":"http:\/\/gmsenbunitedway.ca\/?page_id=2156"},"modified":"2020-06-01T08:56:31","modified_gmt":"2020-06-01T12:56:31","slug":"covid-19-support","status":"publish","type":"page","link":"https:\/\/gmsenbunitedway.ca\/fr\/covid-19-support\/","title":{"rendered":"Obtenir de l&rsquo;aide"},"content":{"rendered":"<h4><a href=\"http:\/\/gmsenbunitedway.ca\/wp-content\/uploads\/2020\/03\/UW_Webblock_Fre.jpg\"><img loading=\"lazy\" decoding=\"async\" class=\"wp-image-2129 alignleft\" src=\"http:\/\/gmsenbunitedway.ca\/wp-content\/uploads\/2020\/03\/UW_Webblock_Fre.jpg\" alt=\"\" width=\"114\" height=\"82\" srcset=\"https:\/\/gmsenbunitedway.ca\/wp-content\/uploads\/2020\/03\/UW_Webblock_Fre.jpg 770w, https:\/\/gmsenbunitedway.ca\/wp-content\/uploads\/2020\/03\/UW_Webblock_Fre-768x551.jpg 768w\" sizes=\"auto, (max-width: 114px) 100vw, 114px\" \/><\/a>Centraide de la r\u00e9gion du Grand Moncton et du sud-est du Nouveau-Brunswick a adopt\u00e9 une approche progressive pour d\u00e9caisser les dons re\u00e7us par le biais du Fonds de la compassion de l&rsquo;Atlantique.<\/h4>\n<p>&nbsp;<\/p>\n<p>Le processus de demande de niveau 2 pour le Fonds de la compassion de l&rsquo;Atlantique est maintenant ferm\u00e9.<\/p>\n<p>Nous identifions et analysons les besoins \u00e9mergents en cette p\u00e9riode difficile et en \u00e9volution. Selon les fonds disponibles et la dur\u00e9e de cette crise de sant\u00e9 publique, un financement de niveau 3 pourrait \u00eatre propos\u00e9 \u00e0 une date ult\u00e9rieur.<\/p>\n<p>Nous encourageons les agences travaillant \u00e0 soutenir les personnes touch\u00e9es par la pand\u00e9mie \u00e0 envisager le <a href=\"https:\/\/gmsenbunitedway.ca\/fr\/fuac-2\/\"><strong>Fonds d&rsquo;urgence pour l\u2019appui communautaire (FUAC)<\/strong><\/a> qui accepte des demandes jusqu&rsquo;au 8 juillet 2020.<\/p>\n<p><strong>&nbsp;<\/strong><\/p>\n<p>&nbsp;<\/p>\n<p>&nbsp;<\/p>\n","protected":false},"excerpt":{"rendered":"Centraide de la r\u00e9gion du Grand Moncton et du sud-est du Nouveau-Brunswick a adopt\u00e9 une approche progressive pour d\u00e9caisser les dons re\u00e7us par le biais du Fonds de la compassion&#8230; <\/p><a class=\"btn btn-brdr-red view-article\" href=\"https:\/\/gmsenbunitedway.ca\/fr\/covid-19-support\/\">Read More<\/a>","protected":false},"author":1,"featured_media":0,"parent":0,"menu_order":0,"comment_status":"closed","ping_status":"closed","template":"template-financials.php","meta":{"_acf_changed":false,"om_disable_all_campaigns":false,"_monsterinsights_skip_tracking":false,"_monsterinsights_sitenote_active":false,"_monsterinsights_sitenote_note":"","_monsterinsights_sitenote_category":0,"_uf_show_specific_survey":0,"_uf_disable_surveys":false,"ngg_post_thumbnail":0,"footnotes":""},"class_list":["post-2156","page","type-page","status-publish","hentry"],"acf":[],"aioseo_notices":[],"_links":{"self":[{"href":"https:\/\/gmsenbunitedway.ca\/fr\/wp-json\/wp\/v2\/pages\/2156","targetHints":{"allow":["GET"]}}],"collection":[{"href":"https:\/\/gmsenbunitedway.ca\/fr\/wp-json\/wp\/v2\/pages"}],"about":[{"href":"https:\/\/gmsenbunitedway.ca\/fr\/wp-json\/wp\/v2\/types\/page"}],"author":[{"embeddable":true,"href":"https:\/\/gmsenbunitedway.ca\/fr\/wp-json\/wp\/v2\/users\/1"}],"replies":[{"embeddable":true,"href":"https:\/\/gmsenbunitedway.ca\/fr\/wp-json\/wp\/v2\/comments?post=2156"}],"version-history":[{"count":0,"href":"https:\/\/gmsenbunitedway.ca\/fr\/wp-json\/wp\/v2\/pages\/2156\/revisions"}],"wp:attachment":[{"href":"https:\/\/gmsenbunitedway.ca\/fr\/wp-json\/wp\/v2\/media?parent=2156"}],"curies":[{"name":"wp","href":"https:\/\/api.w.org\/{rel}","templated":true}]}}

<h4><a href="http://gmsenbunitedway.ca/wp-content/uploads/2020/03/UW_Webblock_Fre.jpg"><img loading="lazy" decoding="async" class="wp-image-2129 alignleft" src="http://gmsenbunitedway.ca/wp-content/uploads/2020/03/UW_Webblock_Fre.jpg" alt="" width="114" height="82" srcset="https://gmsenbunitedway.ca/wp-content/uploads/2020/03/UW_Webblock_Fre.jpg 770w, https://gmsenbunitedway.ca/wp-content/uploads/2020/03/UW_Webblock_Fre-768x551.jpg 768w" sizes="auto, (max-width: 114px) 100vw, 114px" /></a>Centraide de la région du Grand Moncton et du sud-est du Nouveau-Brunswick a adopté une approche progressive pour décaisser les dons reçus par le biais du Fonds de la compassion de l&rsquo;Atlantique.</h4>
<p>&nbsp;</p>
<p>Le processus de demande de niveau 2 pour le Fonds de la compassion de l&rsquo;Atlantique est maintenant fermé.</p>
<p>Nous identifions et analysons les besoins émergents en cette période difficile et en évolution. Selon les fonds disponibles et la durée de cette crise de santé publique, un financement de niveau 3 pourrait être proposé à une date ultérieur.</p>
<p>Nous encourageons les agences travaillant à soutenir les personnes touchées par la pandémie à envisager le <a href="https://gmsenbunitedway.ca/fr/fuac-2/"><strong>Fonds d&rsquo;urgence pour l’appui communautaire (FUAC)</strong></a> qui accepte des demandes jusqu&rsquo;au 8 juillet 2020.</p>
<p><strong>&nbsp;</strong></p>
<p>&nbsp;</p>
<p>&nbsp;</p>

Centraide de la région du Grand Moncton et du sud-est du Nouveau-Brunswick a adopté une approche progressive pour décaisser les dons reçus par le biais du Fonds de la compassion&#8230; </p><a class="btn btn-brdr-red view-article" href="https://gmsenbunitedway.ca/fr/covid-19-support/">Read More</a>
