{"id":4349,"date":"2025-03-04T13:52:57","date_gmt":"2025-03-04T17:52:57","guid":{"rendered":"https:\/\/gmsenbunitedway.ca\/?post_type=tribe_events&#038;p=4349"},"modified":"2025-03-04T13:52:57","modified_gmt":"2025-03-04T17:52:57","slug":"journee-dentraide-vendredi-13-juin","status":"publish","type":"tribe_events","link":"https:\/\/gmsenbunitedway.ca\/fr\/event\/journee-dentraide-vendredi-13-juin\/","title":{"rendered":"Journ\u00e9e d\u2019entraide\u00ae &#8211; Vendredi 13 juin !"},"content":{"rendered":"<p>Joignez-vous \u00e0 nous pour la Journ\u00e9e d&rsquo;entraide\u00ae annuelle de Centraide ! Cette journ\u00e9e r\u00e9unit des \u00e9quipes de b\u00e9n\u00e9voles d&rsquo;entreprises locales et des \u00e9quipes d&rsquo;individus pour s&rsquo;attaquer \u00e0 des projets significatifs soumis par des organismes du Grand Moncton et du Sud-Est du Nouveau-Brunswick.<\/p>\n<p>L&rsquo;an dernier, plus de 1 000 b\u00e9n\u00e9voles ont retrouss\u00e9 leurs manches pour r\u00e9aliser 135 projets!<br \/>\n<a href=\"https:\/\/gmsenbunitedway.ca\/fr\/day-of-caring-2\/\"><img loading=\"lazy\" decoding=\"async\" width=\"2048\" height=\"1536\" class=\"alignnone size-full wp-image-4346\" src=\"http:\/\/gmsenbunitedway.ca\/wp-content\/uploads\/2025\/03\/Day-of-Caring.jpg\" alt=\"\" srcset=\"https:\/\/gmsenbunitedway.ca\/wp-content\/uploads\/2025\/03\/Day-of-Caring.jpg 2048w, https:\/\/gmsenbunitedway.ca\/wp-content\/uploads\/2025\/03\/Day-of-Caring-768x576.jpg 768w, https:\/\/gmsenbunitedway.ca\/wp-content\/uploads\/2025\/03\/Day-of-Caring-1536x1152.jpg 1536w, https:\/\/gmsenbunitedway.ca\/wp-content\/uploads\/2025\/03\/Day-of-Caring-325x245.jpg 325w\" sizes=\"auto, (max-width: 2048px) 100vw, 2048px\" \/><\/a><br \/>\nAgences avec projets : Vous n&rsquo;\u00eates pas certain d&rsquo;\u00eatre sur notre liste ? Communiquez avec nous et nous nous assurerons que vous \u00eates inclus! Veuillez envoyer un courriel \u00e0 uwdoc@moncton.unitedway.ca pour commencer.<\/p>\n<p>Dates cl\u00e9s :<\/p>\n<p>Candidatures de projets : Ouverture le 17 mars | Fermeture le 1er avril<br \/>\nInscriptions des b\u00e9n\u00e9voles : Ouverture le 18 mars | Fermeture le 24 avril<br \/>\nEnsemble, nous pouvons cr\u00e9er un changement durable dans notre communaut\u00e9. Faisons de cette Journ\u00e9e d&rsquo;entraide\u00ae une journ\u00e9e inoubliable!<\/p>\n","protected":false},"excerpt":{"rendered":"Joignez-vous \u00e0 nous pour la Journ\u00e9e d&rsquo;entraide\u00ae annuelle de Centraide ! Cette journ\u00e9e r\u00e9unit des \u00e9quipes de b\u00e9n\u00e9voles d&rsquo;entreprises locales et des \u00e9quipes d&rsquo;individus pour s&rsquo;attaquer \u00e0 des projets significatifs&#8230; <\/p><a class=\"btn btn-brdr-red view-article\" href=\"https:\/\/gmsenbunitedway.ca\/fr\/event\/journee-dentraide-vendredi-13-juin\/\">Read More<\/a>","protected":false},"author":2,"featured_media":0,"comment_status":"open","ping_status":"closed","template":"","meta":{"_acf_changed":false,"om_disable_all_campaigns":false,"_monsterinsights_skip_tracking":false,"_monsterinsights_sitenote_active":false,"_monsterinsights_sitenote_note":"","_monsterinsights_sitenote_category":0,"_uf_show_specific_survey":0,"_uf_disable_surveys":false,"ngg_post_thumbnail":0,"_tribe_events_status":"","_tribe_events_status_reason":"","footnotes":""},"tags":[],"tribe_events_cat":[],"class_list":["post-4349","tribe_events","type-tribe_events","status-publish","hentry"],"acf":[],"aioseo_notices":[],"_links":{"self":[{"href":"https:\/\/gmsenbunitedway.ca\/fr\/wp-json\/wp\/v2\/tribe_events\/4349","targetHints":{"allow":["GET"]}}],"collection":[{"href":"https:\/\/gmsenbunitedway.ca\/fr\/wp-json\/wp\/v2\/tribe_events"}],"about":[{"href":"https:\/\/gmsenbunitedway.ca\/fr\/wp-json\/wp\/v2\/types\/tribe_events"}],"author":[{"embeddable":true,"href":"https:\/\/gmsenbunitedway.ca\/fr\/wp-json\/wp\/v2\/users\/2"}],"replies":[{"embeddable":true,"href":"https:\/\/gmsenbunitedway.ca\/fr\/wp-json\/wp\/v2\/comments?post=4349"}],"version-history":[{"count":0,"href":"https:\/\/gmsenbunitedway.ca\/fr\/wp-json\/wp\/v2\/tribe_events\/4349\/revisions"}],"wp:attachment":[{"href":"https:\/\/gmsenbunitedway.ca\/fr\/wp-json\/wp\/v2\/media?parent=4349"}],"wp:term":[{"taxonomy":"post_tag","embeddable":true,"href":"https:\/\/gmsenbunitedway.ca\/fr\/wp-json\/wp\/v2\/tags?post=4349"},{"taxonomy":"tribe_events_cat","embeddable":true,"href":"https:\/\/gmsenbunitedway.ca\/fr\/wp-json\/wp\/v2\/tribe_events_cat?post=4349"}],"curies":[{"name":"wp","href":"https:\/\/api.w.org\/{rel}","templated":true}]}}

Journée d’entraide® &#8211; Vendredi 13 juin !

<p>Joignez-vous à nous pour la Journée d&rsquo;entraide® annuelle de Centraide ! Cette journée réunit des équipes de bénévoles d&rsquo;entreprises locales et des équipes d&rsquo;individus pour s&rsquo;attaquer à des projets significatifs soumis par des organismes du Grand Moncton et du Sud-Est du Nouveau-Brunswick.</p>
<p>L&rsquo;an dernier, plus de 1 000 bénévoles ont retroussé leurs manches pour réaliser 135 projets!<br />
<a href="https://gmsenbunitedway.ca/fr/day-of-caring-2/"><img loading="lazy" decoding="async" width="2048" height="1536" class="alignnone size-full wp-image-4346" src="http://gmsenbunitedway.ca/wp-content/uploads/2025/03/Day-of-Caring.jpg" alt="" srcset="https://gmsenbunitedway.ca/wp-content/uploads/2025/03/Day-of-Caring.jpg 2048w, https://gmsenbunitedway.ca/wp-content/uploads/2025/03/Day-of-Caring-768x576.jpg 768w, https://gmsenbunitedway.ca/wp-content/uploads/2025/03/Day-of-Caring-1536x1152.jpg 1536w, https://gmsenbunitedway.ca/wp-content/uploads/2025/03/Day-of-Caring-325x245.jpg 325w" sizes="auto, (max-width: 2048px) 100vw, 2048px" /></a><br />
Agences avec projets : Vous n&rsquo;êtes pas certain d&rsquo;être sur notre liste ? Communiquez avec nous et nous nous assurerons que vous êtes inclus! Veuillez envoyer un courriel à uwdoc@moncton.unitedway.ca pour commencer.</p>
<p>Dates clés :</p>
<p>Candidatures de projets : Ouverture le 17 mars | Fermeture le 1er avril<br />
Inscriptions des bénévoles : Ouverture le 18 mars | Fermeture le 24 avril<br />
Ensemble, nous pouvons créer un changement durable dans notre communauté. Faisons de cette Journée d&rsquo;entraide® une journée inoubliable!</p>

Joignez-vous à nous pour la Journée d&rsquo;entraide® annuelle de Centraide ! Cette journée réunit des équipes de bénévoles d&rsquo;entreprises locales et des équipes d&rsquo;individus pour s&rsquo;attaquer à des projets significatifs&#8230; </p><a class="btn btn-brdr-red view-article" href="https://gmsenbunitedway.ca/fr/event/journee-dentraide-vendredi-13-juin/">Read More</a>
